3. Let t be c(-17). Calculate the greatest common divisor of t and 21.
21
Let h be (-7 + 6)/(1/(-13)). Let k(o) = 0 - 3*o + 12 + 6*o. Let g be k(9). What is the highest common factor of g and h?
13
Let o(h) = -4*h + 59. Let z be o(14). Suppose -4*l = z*g - 59, 4*g - 81 = -0*g - 3*l. Calculate the highest common divisor of 35 and g.
7
Suppose -26*f = -17*f. Let k(d) = 4*d + 3. Let a be k(f). Calculate the highest common divisor of a and 9.
3
Suppose -3*c - c + 24 = 0. Let n = c + -5. Let x be (n - 22)/(6/(-4)). Calculate the greatest common factor of x and 126.
14
Let y(s) = 2*s**2 - 17*s - 37. Let p be y(11). Suppose -5*a - 33 = -303. Calculate the highest common divisor of p and a.
18
Let o = -744 - -960. Calculate the highest common divisor of 120 and o.
24
Let f(i) = -i - 17. Let q be f(-14). Let v = q - -7. Suppose -t + 78 = v*b + 4*t, -21 = -b - 2*t. What is the greatest common divisor of 119 and b?
17
Suppose 0 = -5*f - 4*k + 128, 3*k + 66 = 3*f - 0*k. Calculate the greatest common divisor of 96 and f.
24
Let n be 98 - 5*36/(-30). What is the greatest common divisor of 91 and n?
13
Suppose 3*b = -u + 301, -2*b - 634 = -0*u - 2*u. Suppose 5*t - 3*s = u, 0 = -t - 0*s - 2*s + 73. Calculate the highest common factor of t and 26.
13
Suppose v = 6*v - 280. Suppose 35*h - 144 = 26*h. What is the greatest common divisor of h and v?
8
Let y be (-2925)/40 + 1/8. Let w = y + 102. What is the highest common divisor of w and 203?
29
Let k be 1300/18 - (-40)/(-180). What is the highest common factor of k and 126?
18
Suppose -2*f + 92 = 22. Suppose b + y = 3*y + f, -3*b + 95 = -y. Calculate the greatest common factor of b and 248.
31
Let p(o) = -43*o - 8. Let n be p(6). Let v be ((-20)/(-10))/((-4)/n). Let s be (-6)/(-33) + (-828)/(-44). What is the highest common factor of v and s?
19
Let x(u) = -u + 48. Let m be x(4). Calculate the highest common divisor of m and 110.
22
Let a = 3 - -4. Let d(t) = -2*t + 2. Let j be d(-1). Let c be (-5 - -5 - -1)*14*j. Calculate the greatest common divisor of a and c.
7
Suppose -49*y = 724 - 3468. Calculate the highest common factor of 21 and y.
7
Let n = 1910 - 1052. Calculate the greatest common divisor of n and 78.
78
Let w(i) = 11*i + 28. Let d be w(-1). Calculate the highest common divisor of d and 221.
17
Suppose 2*r + 3*m + 12 = r, 5*r - 5 = -2*m. What is the greatest common factor of r and 39?
3
Let a = 144 - 69. Suppose 43 = -2*q + a. Calculate the highest common divisor of q and 176.
16
Let c be (-55)/(-7) - (-3)/21. Let d = 34 - 10. What is the greatest common factor of c and d?
8
Suppose 745 = 58*n - 53*n. Let w = n + -99. What is the greatest common factor of w and 75?
25
Let i(g) = 6*g + 8. Let y be i(3). What is the greatest common factor of 1222 and y?
26
Suppose -2*q - 4*a + a = 9, -4*q - a = 23. Let c be 2/(-6) + 136/q. Let n = -14 - c. Calculate the highest common factor of n and 36.
9
Let c be 9/6*(-328)/(-6). Let s(z) = z**2 + 34*z - 35. Let o be s(-40). What is the greatest common divisor of c and o?
41
Let s(q) = q**2 - 2*q + 36. Let z be s(-18). What is the highest common divisor of 144 and z?
36
Let f = 1 - 1. Suppose i - 8 + 3 = f. Let l be 140/6*(-108)/(-63). What is the greatest common divisor of l and i?
5
Suppose -8*v + 2344 + 536 = 0. Calculate the greatest common divisor of 45 and v.
45
Suppose -y - 3*o + 7*o + 56 = 0, y + 4*o - 16 = 0. Calculate the greatest common factor of 32 and y.
4
Let w = -239 - -482. What is the greatest common divisor of w and 45?
9
Let x be (-81)/(-5)*(-200)/(-120). Calculate the highest common factor of 126 and x.
9
Let z be -3 + 259/(2 - -5). Let h = -41 - -7. Let v be ((-7)/14)/(1/h). What is the greatest common factor of z and v?
17
Suppose 0 = -3*l + 7*l - 168. What is the highest common factor of l and 378?
42
Let k be 30*(-4)/(-6)*1. Suppose -2*n - m + 0 = -5, k = -4*m. What is the greatest common factor of 20 and n?
5
Suppose 30*z + 552 - 4752 = 0. Calculate the highest common factor of 20 and z.
20
Let c = -594 + 627. Calculate the greatest common factor of 44 and c.
11
Let g be (66/9)/((-329)/(-105) + -3). Calculate the greatest common divisor of g and 25.
5
Suppose 0*n - 5*h + 1329 = 4*n, 0 = -3*n - h + 1005. What is the highest common factor of n and 28?
28
Let x(f) = f + 30. Let n be x(0). Let z(c) = c + 12. Let h be z(-6). What is the greatest common factor of h and n?
6
Suppose 27 + 3 = 6*j. Suppose 3*f = 5*x - 19, -2*x - 5*f = 3*x + j. What is the highest common factor of x and 16?
2
Let t(p) = 9*p**2 + 11*p - 6. Let h be t(7). What is the highest common factor of 32 and h?
32
Let j = 9 + -21. Let h = -2 - j. Let y = 159 - 79. What is the greatest common factor of h and y?
10
Suppose 4*a - p = 168 - 65, 4*a - 3*p - 93 = 0. What is the greatest common divisor of 117 and a?
9
Suppose 0 = 2*w + 75 + 181. Let y be (-4)/8*(w - -2). What is the greatest common factor of y and 21?
21
Suppose 0 = 2*u + 3*u - 650. Suppose -3*i + 1302 = 1146. What is the highest common divisor of i and u?
26
Suppose n - 58 = 140. Calculate the highest common factor of n and 180.
18
Let u = -4 + 12. Let c = -289 + 301. What is the greatest common factor of u and c?
4
Let m(k) = 3*k**3 + 4*k**2 - 8*k - 37. Let p be m(4). What is the greatest common factor of 77 and p?
11
Suppose -o - 2*o - 42 = 0. Suppose -21 = -2*j + 3*h + 28, -4*j - h = -133. Let g = o + j. What is the greatest common factor of 12 and g?
6
Let i = 21 + -12. Suppose 7*u - i = 4*u. Suppose 5*r - 6 = 2*r. What is the greatest common divisor of r and u?
1
Let m be ((-32)/6)/(10/(-15)). Let j be (-26)/m*6*(-12)/18. Calculate the greatest common factor of 13 and j.
13
Let i = -1 - 5. Let d = -2 - i. Suppose 50 + 6 = d*p. What is the highest common factor of 14 and p?
14
Suppose 3*m - 3*k = -177, -2*m + k = 3*m + 279. Let l = -15 - m. Calculate the highest common factor of 16 and l.
8
Suppose l = 3*l + 2. Let n be l + (-1 - (-20)/4). Let c be n - (9/3 - 20). What is the highest common factor of c and 10?
10
Let a(l) = -l + 3. Let u be a(-5). Suppose -v = -13 + 8. Suppose 2 + 9 = m + 3*r, v*r - 5 = 0. Calculate the greatest common divisor of u and m.
8
Let v be ((-4)/(-12))/(1/54). Let f = 20 - v. Suppose -f*r - 2*r = -16. Calculate the greatest common divisor of r and 16.
4
Suppose 179 = -2*t + 5*v, 0 = -5*t - v - 0*v - 461. Let o = t - -191. What is the highest common divisor of 11 and o?
11
Let r(c) = 2*c + 18. Let a be r(-6). Let f(j) = 3*j**2 - 16*j + 9. Let d be f(a). Calculate the greatest common factor of d and 3.
3
Let h(y) = -11*y. Let q(p) = -22*p - 1. Suppose -8*j = -6*j + 14. Let c(a) = j*h(a) + 4*q(a). Let x be c(-3). What is the highest common factor of x and 261?
29
Suppose -2*n + 682 = 2*j, -2*j + 11*n + 683 = 14*n. Calculate the greatest common divisor of j and 136.
68
Let l(k) = k**2 - 5*k + 124. Let a(m) = -m + 25. Let d(r) = 11*a(r) - 2*l(r). Let v be d(0). Calculate the greatest common factor of 135 and v.
27
Suppose 0 = -2*b + 4*k + 30, 0 = 4*b + k + 3*k - 48. Suppose 4*x - 483 = 5*q, 0*x - 5*q = 3*x - 336. Calculate the greatest common factor of x and b.
13
Suppose -3*w + 4*y = -24, 0 = -4*w + y - 3*y + 10. Suppose -w*t = -63 - 5. Let x(g) = 17*g**2. Let r be x(-2). What is the greatest common divisor of t and r?
17
Suppose 0 = -11*b + 13*b - 130. Let m = 138 + -125. Calculate the highest common factor of m and b.
13
Suppose -3*b + 0*b = 66. Suppose -12*p + 451 = 907. Let q = b - p. What is the greatest common divisor of 80 and q?
16
Suppose 1864 = 5*b + 604. What is the highest common divisor of b and 36?
36
Let j be (-6)/((21/28)/(-1)). What is the highest common divisor of j and 584?
8
Let o be (-1 + -1)/(7/(-14)). Suppose -4*p - 6*y = -y - 135, 220 = 5*p - o*y. Calculate the highest common divisor of 8 and p.
8
Suppose -y + 2*x + 74 = y, -4*y = -2*x - 146. Let u be 179 + (12/y)/(1/3). Calculate the highest common factor of u and 20.
20
Let c = 2008 + -10. Calculate the highest common divisor of 6 and c.
6
Let q(s) be the first derivative of -s**2 - 6*s + 5. Let p be q(4). Let z = p + 24. What is the highest common factor of 80 and z?
10
Let t = -262 + 417. What is the highest common factor of t and 5?
5
Let g(l) = 31*l + 102. Let i be g(16). What is the highest common factor of 